nder when 70 is divided by 51?
19
What is the remainder when 909 is divided by 26?
25
Calculate the remainder when 1065 is divided by 97.
95
What is the remainder when 380 is divided by 28?
16
Calculate the remainder when 5880 is divided by 66.
6
What is the remainder when 94 is divided by 33?
28
What is the remainder when 155 is divided by 27?
20
What is the remainder when 522 is divided by 75?
72
What is the remainder when 533 is divided by 128?
21
Calculate the remainder when 195 is divided by 47.
7
Calculate the remainder when 196 is divided by 40.
36
What is the remainder when 3711 is divided by 177?
171
What is the remainder when 227 is divided by 23?
20
Calculate the remainder when 1108 is divided by 8.
4
What is the remainder when 269 is divided by 55?
49
Calculate the remainder when 180 is divided by 81.
18
What is the remainder when 364 is divided by 199?
165
What is the remainder when 783 is divided by 67?
46
What is the remainder when 495 is divided by 178?
139
What is the remainder when 343 is divided by 8?
7
What is the remainder when 599 is divided by 55?
49
What is the remainder when 1016 is divided by 60?
56
What is the remainder when 318 is divided by 17?
12
What is the remainder when 354 is divided by 5?
4
Calculate the remainder when 67 is divided by 21.
4
Calculate the remainder when 43 is divided by 16.
11
Calculate the remainder when 885 is divided by 8.
5
Calculate the remainder when 454 is divided by 128.
70
What is the remainder when 240 is divided by 59?
4
What is the remainder when 1354 is divided by 162?
58
Calculate the remainder when 548 is divided by 31.
21
Calculate the remainder when 2664 is divided by 107.
96
Calculate the remainder when 187 is divided by 57.
16
Calculate the remainder when 2329 is divided by 30.
19
Calculate the remainder when 464 is divided by 91.
9
Calculate the remainder when 893 is divided by 83.
63
Calculate the remainder when 292 is divided by 4.
0
Calculate the remainder when 892 is divided by 68.
8
Calculate the remainder when 10 is divided by 5.
0
Calculate the remainder when 1870 is divided by 72.
70
What is the remainder when 3481 is divided by 13?
10
Calculate the remainder when 985 is divided by 45.
40
What is the remainder when 1837 is divided by 8?
5
Calculate the remainder when 3737 is divided by 83.
2
Calculate the remainder when 4160 is divided by 57.
56
What is the remainder when 1020 is divided by 259?
243
What is the remainder when 110 is divided by 55?
0
What is the remainder when 1668 is divided by 24?
12
What is the remainder when 4009 is divided by 129?
10
What is the remainder when 229 is divided by 24?
13
What is the remainder when 247 is divided by 42?
37
Calculate the remainder when 1250 is divided by 1.
0
Calculate the remainder when 1701 is divided by 12.
9
What is the remainder when 20 is divided by 16?
4
Calculate the remainder when 976 is divided by 475.
26
What is the remainder when 69 is divided by 23?
0
What is the remainder when 757 is divided by 744?
13
What is the remainder when 97 is divided by 21?
13
What is the remainder when 303 is divided by 224?
79
Calculate the remainder when 3352 is divided by 1108.
28
Calculate the remainder when 200 is divided by 188.
12
Calculate the remainder when 166 is divided by 45.
31
What is the remainder when 1530 is divided by 96?
90
Calculate the remainder when 167 is divided by 60.
47
Calculate the remainder when 4989 is divided by 100.
89
Calculate the remainder when 1705 is divided by 57.
52
Calculate the remainder when 245 is divided by 82.
81
What is the remainder when 701 is divided by 18?
17
Calculate the remainder when 321 is divided by 114.
93
Calculate the remainder when 4478 is divided by 9.
5
What is the remainder when 340 is divided by 18?
16
What is the remainder when 1931 is divided by 215?
211
What is the remainder when 440 is divided by 20?
0
Calculate the remainder when 796 is divided by 299.
198
What is the remainder when 254 is divided by 65?
59
What is the remainder when 138 is divided by 39?
21
What is the remainder when 1647 is divided by 450?
297
Calculate the remainder when 515 is divided by 47.
45
What is the remainder when 199 is divided by 8?
7
What is the remainder when 521 is divided by 242?
37
What is the remainder when 935 is divided by 194?
159
Calculate the remainder when 1701 is divided by 23.
22
Calculate the remainder when 129 is divided by 46.
37
What is the remainder when 355 is divided by 111?
22
Calculate the remainder when 3124 is divided by 1558.
8
Calculate the remainder when 11463 is divided by 2860.
23
Calculate the remainder when 190 is divided by 67.
56
What is the remainder when 522 is divided by 35?
32
What is the remainder when 1313 is divided by 73?
72
What is the remainder when 645 is divided by 72?
69
Calculate the remainder when 982 is divided by 323.
13
What is the remainder when 1670 is divided by 334?
0
Calculate the remainder when 1446 is divided by 89.
22
What is the remainder when 108 is divided by 4?
0
Calculate the remainder when 1864 is divided by 307.
22
Calculate the remainder when 71 is divided by 16.
7
What is the remainder when 4757 is divided by 34?
31
Calculate the remainder when 9189 is divided by 42.
33
Calculate the remainder when 123 is divided by 50.
23
Calculate the remainder when 1270 is divided by 98.
94
What is the remainder when 71 is divided by 19?
14
What is the remainder when 412 is divided by 84?
76
Calculate the remainder when 1374 is divided by 129.
84
What is the remainder when 97 is divided by 50?
47
Calculate the remainder when 555 is divided by 65.
35
Calculate the remainder when 453 is divided by 24.
21
Calculate the remainder when 190 is divided by 8.
6
Calculate the remainder when 890 is divided by 125.
15
Calculate the remainder when 131 is divided by 130.
1
What is the remainder when 5269 is divided by 21?
19
What is the remainder when 4447 is divided by 89?
86
Calculate the remainder when 174 is divided by 16.
14
What is the remainder when 631 is divided by 154?
15
What is the remainder when 343 is divided by 8?
7
Calculate the remainder when 1558 is divided by 40.
38
What is the remainder when 816 is divided by 304?
208
What is the remainder when 97 is divided by 10?
7
Calculate the remainder when 194 is divided by 7.
5
Calculate the remainder when 44 is divided by 16.
12
Calculate the remainder when 5143 is divided by 78.
73
Calculate the remainder when 25405 is divided by 11.
6
What is the remainder when 205 is divided by 85?
35
Calculate the remainder when 7259 is divided by 269.
265
Calculate the remainder when 2684 is divided by 56.
52
What is the remainder when 34 is divided by 3?
1
Calculate the remainder when 420 is divided by 111.
87
What is the remainder when 5966 is divided by 19?
0
Calculate the remainder when 41 is divided by 28.
13
Calculate the remainder when 65 is divided by 14.
9
Calculate the remainder when 3432 is divided by 686.
2
Calculate the remainder when 6375 is divided by 44.
39
What is the remainder when 404 is divided by 45?
44
What is the remainder when 20 is divided by 2?
0
Calculate the remainder when 8203 is divided by 89.
15
What is the remainder when 222 is divided by 57?
51
Calculate the remainder when 178 is divided by 77.
24
Calculate the remainder when 124 is divided by 9.
7
What is the remainder when 702 is divided by 49?
16
What is the remainder when 377 is divided by 19?
16
Calculate the remainder when 1296 is divided by 346.
258
Calculate the remainder when 81 is divided by 14.
11
Calculate the remainder when 35 is divided by 8.
3
What is the remainder when 146 is divided by 66?
14
What is the remainder when 893 is divided by 873?
20
What is the remainder when 5247 is divided by 70?
67
What is the remainder when 435 is divided by 58?
29
What is the remainder when 190 is divided by 12?
10
Calculate the remainder when 258 is divided by 19.
11
Calculate the remainder when 522 is divided by 31.
26
Calculate the remainder when 256 is divided by 65.
61
Calculate the remainder when 2838 is divided by 54.
30
Calculate the remainder when 425 is divided by 90.
65
What is the remainder when 91 is divided by 19?
15
What is the remainder when 1459 is divided by 1439?
20
What is the rema